the remainder when 519 is divided by 13?
12
What is the remainder when 146 is divided by 63?
20
What is the remainder when 305 is divided by 51?
50
Calculate the remainder when 408 is divided by 23.
17
Calculate the remainder when 72 is divided by 19.
15
What is the remainder when 293 is divided by 77?
62
What is the remainder when 1466 is divided by 291?
11
What is the remainder when 7642 is divided by 55?
52
Calculate the remainder when 579 is divided by 29.
28
What is the remainder when 91 is divided by 29?
4
What is the remainder when 2188 is divided by 30?
28
Calculate the remainder when 137 is divided by 30.
17
What is the remainder when 158 is divided by 21?
11
What is the remainder when 759 is divided by 19?
18
What is the remainder when 4360 is divided by 52?
44
What is the remainder when 176 is divided by 62?
52
Calculate the remainder when 1670 is divided by 552.
14
What is the remainder when 508 is divided by 93?
43
What is the remainder when 234 is divided by 3?
0
Calculate the remainder when 1510 is divided by 214.
12
What is the remainder when 1748 is divided by 33?
32
Calculate the remainder when 155 is divided by 13.
12
Calculate the remainder when 157 is divided by 56.
45
What is the remainder when 85 is divided by 8?
5
What is the remainder when 16626 is divided by 5536?
18
Calculate the remainder when 53 is divided by 25.
3
Calculate the remainder when 65 is divided by 34.
31
What is the remainder when 769 is divided by 156?
145
What is the remainder when 770 is divided by 143?
55
Calculate the remainder when 2282 is divided by 61.
25
What is the remainder when 454 is divided by 57?
55
Calculate the remainder when 751 is divided by 103.
30
What is the remainder when 12301 is divided by 8?
5
What is the remainder when 1128 is divided by 29?
26
What is the remainder when 30 is divided by 5?
0
What is the remainder when 94 is divided by 17?
9
What is the remainder when 251 is divided by 29?
19
Calculate the remainder when 231 is divided by 31.
14
What is the remainder when 107 is divided by 16?
11
What is the remainder when 673 is divided by 25?
23
Calculate the remainder when 58 is divided by 49.
9
What is the remainder when 1468 is divided by 484?
16
Calculate the remainder when 1102 is divided by 7.
3
What is the remainder when 3446 is divided by 22?
14
Calculate the remainder when 137 is divided by 10.
7
What is the remainder when 51 is divided by 17?
0
What is the remainder when 658 is divided by 20?
18
Calculate the remainder when 30597 is divided by 36.
33
What is the remainder when 309 is divided by 53?
44
Calculate the remainder when 604 is divided by 228.
148
What is the remainder when 262 is divided by 220?
42
What is the remainder when 87 is divided by 6?
3
What is the remainder when 623 is divided by 208?
207
What is the remainder when 150 is divided by 48?
6
What is the remainder when 13375 is divided by 16?
15
What is the remainder when 1507 is divided by 19?
6
Calculate the remainder when 108 is divided by 29.
21
What is the remainder when 327 is divided by 66?
63
Calculate the remainder when 29323 is divided by 376.
371
Calculate the remainder when 1592 is divided by 21.
17
What is the remainder when 68 is divided by 25?
18
Calculate the remainder when 20899 is divided by 52.
47
What is the remainder when 6975 is divided by 16?
15
Calculate the remainder when 1040 is divided by 216.
176
Calculate the remainder when 1222 is divided by 17.
15
Calculate the remainder when 100 is divided by 6.
4
What is the remainder when 601 is divided by 50?
1
Calculate the remainder when 1367 is divided by 105.
2
Calculate the remainder when 620 is divided by 78.
74
Calculate the remainder when 1996 is divided by 53.
35
What is the remainder when 1587 is divided by 114?
105
What is the remainder when 268 is divided by 45?
43
Calculate the remainder when 1630 is divided by 1625.
5
Calculate the remainder when 1052 is divided by 205.
27
Calculate the remainder when 419 is divided by 51.
11
What is the remainder when 68 is divided by 30?
8
Calculate the remainder when 779 is divided by 378.
23
What is the remainder when 225 is divided by 93?
39
Calculate the remainder when 273 is divided by 45.
3
Calculate the remainder when 1179 is divided by 392.
3
Calculate the remainder when 823 is divided by 75.
73
Calculate the remainder when 318 is divided by 8.
6
What is the remainder when 1481 is divided by 14?
11
Calculate the remainder when 929 is divided by 188.
177
Calculate the remainder when 168 is divided by 18.
6
What is the remainder when 83 is divided by 30?
23
Calculate the remainder when 152 is divided by 6.
2
What is the remainder when 254 is divided by 24?
14
Calculate the remainder when 1428 is divided by 109.
11
What is the remainder when 1472 is divided by 82?
78
Calculate the remainder when 85 is divided by 18.
13
What is the remainder when 452 is divided by 13?
10
Calculate the remainder when 701 is divided by 78.
77
What is the remainder when 1055 is divided by 118?
111
Calculate the remainder when 493 is divided by 48.
13
Calculate the remainder when 11 is divided by 5.
1
What is the remainder when 154 is divided by 67?
20
What is the remainder when 559 is divided by 33?
31
What is the remainder when 40 is divided by 23?
17
What is the remainder when 11758 is divided by 21?
19
What is the remainder when 2756 is divided by 39?
26
What is the remainder when 137 is divided by 30?
17
Calculate the remainder when 177 is divided by 45.
42
Calculate the remainder when 45 is divided by 25.
20
Calculate the remainder when 3282 is divided by 15.
12
What is the remainder when 238 is divided by 81?
76
What is the remainder when 26415 is divided by 238?
235
What is the remainder when 18 is divided by 3?
0
Calculate the remainder when 182 is divided by 18.
2
Calculate the remainder when 366 is divided by 53.
48
What is the remainder when 624 is divided by 15?
9
What is the remainder when 1 is divided by 1?
0
What is the remainder when 346 is divided by 29?
27
What is the remainder when 276 is divided by 206?
70
What is the remainder when 390 is divided by 9?
3
Calculate the remainder when 444 is divided by 15.
9
What is the remainder when 1400 is divided by 21?
14
Calculate the remainder when 529 is divided by 9.
7
Calculate the remainder when 1737 is divided by 58.
55
Calculate the remainder when 755 is divided by 85.
75
Calculate the remainder when 580 is divided by 137.
32
Calculate the remainder when 829 is divided by 36.
1
What is the remainder when 395 is divided by 46?
27
Calculate the remainder when 69 is divided by 7.
6
What is the remainder when 3263 is divided by 97?
62
What is the remainder when 234 is divided by 74?
12
What is the remainder when 622 is divided by 39?
37
Calculate the remainder when 312 is divided by 63.
60
What is the remainder when 94 is divided by 17?
9
Calculate the remainder when 701 is divided by 64.
61
What is the remainder when 2668 is divided by 24?
4
What is the remainder when 219 is divided by 56?
51
What is the remainder when 3 is divided by 2?
1
What is the remainder when 201 is divided by 68?
65
Calculate the remainder when 172 is divided by 59.
54
Calculate the remainder when 142 is divided by 41.
19
What is the remainder when 585 is divided by 98?
95
What is the remainder when 65 is divided by 17?
14
Calculate the remainder when 134 is divided by 8.
6
Calculate the remainder when 108 is divided by 20.
8
What is the remainder when 21754 is divided by 148?
146
Calculate the remainder when 1049 is divided by 352.
345
Calculate the remainder when 174 is divided by 16.
14
Calculate the remainder when 263 is divided by 133.
130
What is the remainder when 213 is divided by 108?
105
Calculate the remainder when 3883 is divided by 48.
43
Calculate the remainder when 342 is divided by 31.
1
What is the remainder when 82 is divided by 34?
14
Calculate the remainder when 142 is divided by 2.
0
Calculate the remainder when 3839 is divided by 1279.
2
Calculate the remainder when 933 is divided by 24.
21
What is the remainder when 120 is divided by 69?
51
Calculate the remainder when 6474 is divided by 2158.
0
Calculate the remainder when 898 is divided by 36.
34
What is the remainder when 32142 i